{"id":6517,"date":"2022-09-08T14:31:37","date_gmt":"2022-09-08T12:31:37","guid":{"rendered":"http:\/\/nowa.avalonenglish.com\/?page_id=6517"},"modified":"2022-11-21T20:49:21","modified_gmt":"2022-11-21T19:49:21","slug":"start","status":"publish","type":"page","link":"https:\/\/nowa.avalonenglish.com\/","title":{"rendered":""},"content":{"rendered":"<style type=\"text\/css\"><\/style><div class=\"cff-wrapper\"><div class=\"cff-wrapper-ctn \" ><div id=\"cff\"  class=\"cff cff-list-container cff-masonry masonry-2-tablet cff-masonry-js cff-default-styles  cff-mob-cols-1\"   style=\"width:100%;\"   data-char=\"400\"  data-cff-flags=\"gdpr\" ><div class=\"cff-error-msg\">\n\t<div>\n\t\t<i class=\"fa fa-lock\" aria-hidden=\"true\" style=\"margin-right: 5px;\"><\/i><b>This message is only visible to admins.<\/b><br\/>\n\t\tProblem displaying Facebook posts.\t\t\t\t\t<br\/><a href=\"javascript:void(0);\" id=\"cff-show-error\" onclick=\"cffShowError()\">Click to show error<\/a>\n\t\t\t<script type=\"text\/javascript\">function cffShowError() { document.getElementById(\"cff-error-reason\").style.display = \"block\"; document.getElementById(\"cff-show-error\").style.display = \"none\"; }<\/script>\n\t\t\t<\/div>\n\t\t\t<div id=\"cff-error-reason\">\n\t\t\t\t\t\t\t\t\t\t\t\t\t\t\t\t\t\t\t\t\t\t\t\t\t\t\t\t\t<b>Error:<\/b> Server configuration issue\t\t\t\t\t\t\t\t\t\t\t\t\n\t\t\t<\/div>\n\t\t\t\t\n<\/div>\n<div class=\"cff-posts-wrap\"><\/div><input class=\"cff-pag-url\" type=\"hidden\" data-locatornonce=\"2a4800d80d\" data-cff-shortcode=\"{&quot;feed&quot;: &quot;1&quot;}\" data-post-id=\"6517\" data-feed-id=\"409213962451701\"><\/div><\/div><div class=\"cff-clear\"><\/div><\/div>\n\n\n<div  id=\"wpsr-fb-feed-6541\" class=\"wpsr-fb-feed-wrapper wpsr-feed-wrap wpsr_content wpsr-fb-feed-template1 wpsr-fb-timeline_feed   wpsr-fb-feed-template-6541 wpsr-has-equal-height wpsr-fb-feed-layout-standard\"   data-column=\"4\"><div class=\"wpsr-loader\">\n        <div class=\"wpsr-spinner-animation\"><\/div>\n    <\/div><div class=\"wpsr-container\">\n<div class=\"wpsr-fb-feed-wrapper-inner\"><div class=\"wpsr-row wpsr-fb-all-feed wpsr_feeds wpsr-column-gap-default\"\"><div class=\"wpsr-mb-30 wpsr-col-12 wpsr-col-sm-12 wpsr-col-xs-12\">            <div class=\"wpsr-fb-feed-item \">\n                                <div class=\"wpsr-fb-feed-inner\">\n                    <div class=\"wpsr-fb-feed-author\">\n    \n                <div class=\"wpsr-fb-feed-author-avatar\">\n            <a class=\"wpsr-fb-feed-author-avatar-url\" target=\"_blank\" href=\"https:\/\/www.facebook.com\/409213962451701\" rel=\"nofollow noopener\">\n                <img loading=\"lazy\" decoding=\"async\" class=\"wpsr-fb-feed-author-img\" src=\"https:\/\/scontent-waw2-2.xx.fbcdn.net\/v\/t39.30808-1\/462500750_9157260094313667_5549416792931241738_n.jpg?stp=cp0_dst-jpg_s50x50_tt6&#038;_nc_cat=103&#038;ccb=1-7&#038;_nc_sid=f907e8&#038;_nc_ohc=DrBl_ZKrX0MQ7kNvwGLIX1s&#038;_nc_oc=Adrmi5btsuJG1_0SXMiXPIVSZGcJ_4Yvh92723ua6X_6vRcbTXBJqL0r8TfRBaQCtGI&#038;_nc_zt=24&#038;_nc_ht=scontent-waw2-2.xx&#038;edm=AKIiGfEEAAAA&#038;_nc_gid=A_L_xdcgpZe4MFygEsEARA&#038;_nc_tpa=Q5bMBQEdJMQ0kVVuuhUxtg2hpj10owyNy3nrYOSssaXfCyvN8koDQXfIvUnaL5mkpxKoCvNh-Ug13wY1&#038;oh=00_Af3B-c5XpRK6etQxVdmOLsWb7lEJ5YjAsHZIv3ylSnnsUg&#038;oe=69EB8327\" alt=\"http:\/\/Avalon%20English%20School\" width=\"40\" height=\"40\">\n            <\/a>\n        <\/div>\n        \n        <div class=\"wpsr-fb-feed-author-info\">\n                        <a target=\"_blank\" rel=\"nofollow\" href=\"https:\/\/www.facebook.com\/409213962451701\" class=\"wpsr-fb-feed-author-name\">\n                <span class=\"wpsr-fb-feed-author-name-render\">Avalon English School\ufe0f<\/span>\n            <\/a>\n            \n            \n            <span class=\"wpsr-fb-feed-time\">\n  3 tygodnie temu<\/span>        <\/div>\n                <a target=\"_blank\" href=\"https:\/\/www.facebook.com\/594692819112485\/posts\/1461630772418681\" class=\"wpsr-fb-feed-platform\">\n            <i class=\"icon-facebook-square\"><\/i>\n        <\/a>\n            <\/div><p class=\"wpsr-fb-feed-content wpsr_add_read_more wpsr_show_less_content\" data-num-words-trim=\"15\">\n    <\/p>\n                    <div class=\"wpsr-fb-feed-content-wrapper wpsr-fb-feed-playmode\" data-feed_type=\"timeline_feed\" data-index=\"0\" data-playmode=\"facebook\" data-template-id=\"6541\">\n                        <div class=\"wpsr-fb-feed-image\">\n        <a class=\"wpsr-feed-link\" target=\"_blank\" rel=\"nofollow\" href=\"https:\/\/www.facebook.com\/594692819112485\/posts\/1461630772418681\">\n                  <span class=\"wpsr-fb-media-placeholder-icon\">\n                            <i class=\"icon-picture-o\"><\/i>Photo                                      <\/span>\n                    <\/a>\n    \n    <\/div>\n                    <\/div>\n\n                                    <\/div>\n                \n                <div class=\"wpsr-fb-feed-playmode\" data-feed_type=\"timeline_feed\" data-index=\"0\" data-playmode=\"facebook\" data-template-id=\"6541\">\n                                <\/div>\n            <\/div>\n                <\/div>\n                <div class=\"wpsr-mb-30 wpsr-col-12 wpsr-col-sm-12 wpsr-col-xs-12\">            <div class=\"wpsr-fb-feed-item \">\n                                <div class=\"wpsr-fb-feed-inner\">\n                    <div class=\"wpsr-fb-feed-author\">\n    \n                <div class=\"wpsr-fb-feed-author-avatar\">\n            <a class=\"wpsr-fb-feed-author-avatar-url\" target=\"_blank\" href=\"https:\/\/www.facebook.com\/409213962451701\" rel=\"nofollow noopener\">\n                <img loading=\"lazy\" decoding=\"async\" class=\"wpsr-fb-feed-author-img\" src=\"https:\/\/scontent-waw2-2.xx.fbcdn.net\/v\/t39.30808-1\/462500750_9157260094313667_5549416792931241738_n.jpg?stp=cp0_dst-jpg_s50x50_tt6&#038;_nc_cat=103&#038;ccb=1-7&#038;_nc_sid=f907e8&#038;_nc_ohc=DrBl_ZKrX0MQ7kNvwGLIX1s&#038;_nc_oc=Adrmi5btsuJG1_0SXMiXPIVSZGcJ_4Yvh92723ua6X_6vRcbTXBJqL0r8TfRBaQCtGI&#038;_nc_zt=24&#038;_nc_ht=scontent-waw2-2.xx&#038;edm=AKIiGfEEAAAA&#038;_nc_gid=A_L_xdcgpZe4MFygEsEARA&#038;_nc_tpa=Q5bMBQEdJMQ0kVVuuhUxtg2hpj10owyNy3nrYOSssaXfCyvN8koDQXfIvUnaL5mkpxKoCvNh-Ug13wY1&#038;oh=00_Af3B-c5XpRK6etQxVdmOLsWb7lEJ5YjAsHZIv3ylSnnsUg&#038;oe=69EB8327\" alt=\"http:\/\/Avalon%20English%20School\" width=\"40\" height=\"40\">\n            <\/a>\n        <\/div>\n        \n        <div class=\"wpsr-fb-feed-author-info\">\n                        <a target=\"_blank\" rel=\"nofollow\" href=\"https:\/\/www.facebook.com\/409213962451701\" class=\"wpsr-fb-feed-author-name\">\n                <span class=\"wpsr-fb-feed-author-name-render\">Avalon English School\ufe0f<\/span>\n            <\/a>\n            \n            \n            <span class=\"wpsr-fb-feed-time\">\n  3 tygodnie temu<\/span>        <\/div>\n                <a target=\"_blank\" href=\"https:\/\/www.facebook.com\/594692819112485\/posts\/1461630559085369\" class=\"wpsr-fb-feed-platform\">\n            <i class=\"icon-facebook-square\"><\/i>\n        <\/a>\n            <\/div><p class=\"wpsr-fb-feed-content wpsr_add_read_more wpsr_show_less_content\" data-num-words-trim=\"15\">\n    <\/p>\n                    <div class=\"wpsr-fb-feed-content-wrapper wpsr-fb-feed-playmode\" data-feed_type=\"timeline_feed\" data-index=\"1\" data-playmode=\"facebook\" data-template-id=\"6541\">\n                        <div class=\"wpsr-fb-feed-image\">\n        <a class=\"wpsr-feed-link\" target=\"_blank\" rel=\"nofollow\" href=\"https:\/\/www.facebook.com\/594692819112485\/posts\/1461630559085369\">\n                  <span class=\"wpsr-fb-media-placeholder-icon\">\n                            <i class=\"icon-picture-o\"><\/i>Photo                                      <\/span>\n                    <\/a>\n    \n    <\/div>\n                    <\/div>\n\n                                    <\/div>\n                \n                <div class=\"wpsr-fb-feed-playmode\" data-feed_type=\"timeline_feed\" data-index=\"1\" data-playmode=\"facebook\" data-template-id=\"6541\">\n                                <\/div>\n            <\/div>\n                <\/div>\n                <div class=\"wpsr-mb-30 wpsr-col-12 wpsr-col-sm-12 wpsr-col-xs-12\">            <div class=\"wpsr-fb-feed-item \">\n                                <div class=\"wpsr-fb-feed-inner\">\n                    <div class=\"wpsr-fb-feed-author\">\n    \n                <div class=\"wpsr-fb-feed-author-avatar\">\n            <a class=\"wpsr-fb-feed-author-avatar-url\" target=\"_blank\" href=\"https:\/\/www.facebook.com\/409213962451701\" rel=\"nofollow noopener\">\n                <img loading=\"lazy\" decoding=\"async\" class=\"wpsr-fb-feed-author-img\" src=\"https:\/\/scontent-waw2-2.xx.fbcdn.net\/v\/t39.30808-1\/462500750_9157260094313667_5549416792931241738_n.jpg?stp=cp0_dst-jpg_s50x50_tt6&#038;_nc_cat=103&#038;ccb=1-7&#038;_nc_sid=f907e8&#038;_nc_ohc=DrBl_ZKrX0MQ7kNvwGLIX1s&#038;_nc_oc=Adrmi5btsuJG1_0SXMiXPIVSZGcJ_4Yvh92723ua6X_6vRcbTXBJqL0r8TfRBaQCtGI&#038;_nc_zt=24&#038;_nc_ht=scontent-waw2-2.xx&#038;edm=AKIiGfEEAAAA&#038;_nc_gid=A_L_xdcgpZe4MFygEsEARA&#038;_nc_tpa=Q5bMBQEdJMQ0kVVuuhUxtg2hpj10owyNy3nrYOSssaXfCyvN8koDQXfIvUnaL5mkpxKoCvNh-Ug13wY1&#038;oh=00_Af3B-c5XpRK6etQxVdmOLsWb7lEJ5YjAsHZIv3ylSnnsUg&#038;oe=69EB8327\" alt=\"http:\/\/Avalon%20English%20School\" width=\"40\" height=\"40\">\n            <\/a>\n        <\/div>\n        \n        <div class=\"wpsr-fb-feed-author-info\">\n                        <a target=\"_blank\" rel=\"nofollow\" href=\"https:\/\/www.facebook.com\/409213962451701\" class=\"wpsr-fb-feed-author-name\">\n                <span class=\"wpsr-fb-feed-author-name-render\">Avalon English School\ufe0f<\/span>\n            <\/a>\n            \n            \n            <span class=\"wpsr-fb-feed-time\">\n  3 tygodnie temu<\/span>        <\/div>\n                <a target=\"_blank\" href=\"https:\/\/www.facebook.com\/594692819112485\/posts\/1461612915753800\" class=\"wpsr-fb-feed-platform\">\n            <i class=\"icon-facebook-square\"><\/i>\n        <\/a>\n            <\/div><p class=\"wpsr-fb-feed-content wpsr_add_read_more wpsr_show_less_content\" data-num-words-trim=\"15\">\n    <\/p>\n                    <div class=\"wpsr-fb-feed-content-wrapper wpsr-fb-feed-playmode\" data-feed_type=\"timeline_feed\" data-index=\"2\" data-playmode=\"facebook\" data-template-id=\"6541\">\n                        <div class=\"wpsr-fb-feed-image\">\n        <a class=\"wpsr-feed-link\" target=\"_blank\" rel=\"nofollow\" href=\"https:\/\/www.facebook.com\/594692819112485\/posts\/1461612915753800\">\n                  <span class=\"wpsr-fb-media-placeholder-icon\">\n                            <i class=\"icon-picture-o\"><\/i>Photo                                      <\/span>\n                    <\/a>\n    \n    <\/div>\n                    <\/div>\n\n                                    <\/div>\n                \n                <div class=\"wpsr-fb-feed-playmode\" data-feed_type=\"timeline_feed\" data-index=\"2\" data-playmode=\"facebook\" data-template-id=\"6541\">\n                                <\/div>\n            <\/div>\n                <\/div>\n                <div class=\"wpsr-mb-30 wpsr-col-12 wpsr-col-sm-12 wpsr-col-xs-12\">            <div class=\"wpsr-fb-feed-item \">\n                                <div class=\"wpsr-fb-feed-inner\">\n                    <div class=\"wpsr-fb-feed-author\">\n    \n                <div class=\"wpsr-fb-feed-author-avatar\">\n            <a class=\"wpsr-fb-feed-author-avatar-url\" target=\"_blank\" href=\"https:\/\/www.facebook.com\/409213962451701\" rel=\"nofollow noopener\">\n                <img loading=\"lazy\" decoding=\"async\" class=\"wpsr-fb-feed-author-img\" src=\"https:\/\/scontent-waw2-2.xx.fbcdn.net\/v\/t39.30808-1\/462500750_9157260094313667_5549416792931241738_n.jpg?stp=cp0_dst-jpg_s50x50_tt6&#038;_nc_cat=103&#038;ccb=1-7&#038;_nc_sid=f907e8&#038;_nc_ohc=DrBl_ZKrX0MQ7kNvwGLIX1s&#038;_nc_oc=Adrmi5btsuJG1_0SXMiXPIVSZGcJ_4Yvh92723ua6X_6vRcbTXBJqL0r8TfRBaQCtGI&#038;_nc_zt=24&#038;_nc_ht=scontent-waw2-2.xx&#038;edm=AKIiGfEEAAAA&#038;_nc_gid=A_L_xdcgpZe4MFygEsEARA&#038;_nc_tpa=Q5bMBQEdJMQ0kVVuuhUxtg2hpj10owyNy3nrYOSssaXfCyvN8koDQXfIvUnaL5mkpxKoCvNh-Ug13wY1&#038;oh=00_Af3B-c5XpRK6etQxVdmOLsWb7lEJ5YjAsHZIv3ylSnnsUg&#038;oe=69EB8327\" alt=\"http:\/\/Avalon%20English%20School\" width=\"40\" height=\"40\">\n            <\/a>\n        <\/div>\n        \n        <div class=\"wpsr-fb-feed-author-info\">\n                        <a target=\"_blank\" rel=\"nofollow\" href=\"https:\/\/www.facebook.com\/409213962451701\" class=\"wpsr-fb-feed-author-name\">\n                <span class=\"wpsr-fb-feed-author-name-render\">Avalon English School\ufe0f<\/span>\n            <\/a>\n            \n            \n            <span class=\"wpsr-fb-feed-time\">\n  2 miesi\u0105ce temu<\/span>        <\/div>\n                <a target=\"_blank\" href=\"https:\/\/www.facebook.com\/594692819112485\/posts\/1432139342034491\" class=\"wpsr-fb-feed-platform\">\n            <i class=\"icon-facebook-square\"><\/i>\n        <\/a>\n            <\/div><p class=\"wpsr-fb-feed-content wpsr_add_read_more wpsr_show_less_content\" data-num-words-trim=\"15\">\n    <\/p>\n                    <div class=\"wpsr-fb-feed-content-wrapper wpsr-fb-feed-playmode\" data-feed_type=\"timeline_feed\" data-index=\"3\" data-playmode=\"facebook\" data-template-id=\"6541\">\n                                            <\/div>\n\n                    <div>\n        <div class=\"wpsr-fb-feed-url-summary-card-wrapper\">\n        \n                <div class=\"wpsr-fb-feed-url-summary-card-title\">Avalon English School<\/div>\n        \n                <a class=\"wpsr-fb-feed-url-summary-card\" href=\"https:\/\/www.avalonenglish.com\/biurotlumaczen\/index.php?str=oferta\" target=\"_blank\" rel=\"nofollow\">\n                        <div class=\"wpsr-fb-feed-url-summary-card-inner\">\n                                                <div class=\"wpsr-fb-feed-url-summary-card-contents\">\n                                        <div class=\"wpsr-fb-feed-url-summary-card-contents-domain\">\n                        www.avalonenglish.com                    <\/div>\n                    \n                                        <div class=\"wpsr-fb-feed-url-summary-card-contents-title\">\n                        Avalon English School                    <\/div>\n                    \n                                        <div class=\"wpsr-fb-feed-url-summary-card-contents-description\">\n                        Description                    <\/div>\n                                    <\/div>\n                \n            <\/div>\n                    <\/a>\n            <\/div>\n    <\/div>                <\/div>\n                \n                <div class=\"wpsr-fb-feed-playmode\" data-feed_type=\"timeline_feed\" data-index=\"3\" data-playmode=\"facebook\" data-template-id=\"6541\">\n                                <\/div>\n            <\/div>\n                <\/div>\n                <div class=\"wpsr-mb-30 wpsr-col-12 wpsr-col-sm-12 wpsr-col-xs-12\">            <div class=\"wpsr-fb-feed-item \">\n                                <div class=\"wpsr-fb-feed-inner\">\n                    <div class=\"wpsr-fb-feed-author\">\n    \n                <div class=\"wpsr-fb-feed-author-avatar\">\n            <a class=\"wpsr-fb-feed-author-avatar-url\" target=\"_blank\" href=\"https:\/\/www.facebook.com\/409213962451701\" rel=\"nofollow noopener\">\n                <img loading=\"lazy\" decoding=\"async\" class=\"wpsr-fb-feed-author-img\" src=\"https:\/\/scontent-waw2-2.xx.fbcdn.net\/v\/t39.30808-1\/462500750_9157260094313667_5549416792931241738_n.jpg?stp=cp0_dst-jpg_s50x50_tt6&#038;_nc_cat=103&#038;ccb=1-7&#038;_nc_sid=f907e8&#038;_nc_ohc=DrBl_ZKrX0MQ7kNvwGLIX1s&#038;_nc_oc=Adrmi5btsuJG1_0SXMiXPIVSZGcJ_4Yvh92723ua6X_6vRcbTXBJqL0r8TfRBaQCtGI&#038;_nc_zt=24&#038;_nc_ht=scontent-waw2-2.xx&#038;edm=AKIiGfEEAAAA&#038;_nc_gid=A_L_xdcgpZe4MFygEsEARA&#038;_nc_tpa=Q5bMBQEdJMQ0kVVuuhUxtg2hpj10owyNy3nrYOSssaXfCyvN8koDQXfIvUnaL5mkpxKoCvNh-Ug13wY1&#038;oh=00_Af3B-c5XpRK6etQxVdmOLsWb7lEJ5YjAsHZIv3ylSnnsUg&#038;oe=69EB8327\" alt=\"http:\/\/Avalon%20English%20School\" width=\"40\" height=\"40\">\n            <\/a>\n        <\/div>\n        \n        <div class=\"wpsr-fb-feed-author-info\">\n                        <a target=\"_blank\" rel=\"nofollow\" href=\"https:\/\/www.facebook.com\/409213962451701\" class=\"wpsr-fb-feed-author-name\">\n                <span class=\"wpsr-fb-feed-author-name-render\">Avalon English School\ufe0f<\/span>\n            <\/a>\n            \n            \n            <span class=\"wpsr-fb-feed-time\">\n  4 miesi\u0105ce temu<\/span>        <\/div>\n                <a target=\"_blank\" href=\"https:\/\/www.facebook.com\/594692819112485\/posts\/1381340397114386\" class=\"wpsr-fb-feed-platform\">\n            <i class=\"icon-facebook-square\"><\/i>\n        <\/a>\n            <\/div><p class=\"wpsr-fb-feed-content wpsr_add_read_more wpsr_show_less_content\" data-num-words-trim=\"15\">\n    \u203c\ufe0fZDROWYCH I RADOSNYCH \u015aWI\u0104T BO\u017bEGO NARODZENIA \u203c\ufe0f<\/p>\n                    <div class=\"wpsr-fb-feed-content-wrapper wpsr-fb-feed-playmode\" data-feed_type=\"timeline_feed\" data-index=\"4\" data-playmode=\"facebook\" data-template-id=\"6541\">\n                        <div class=\"wpsr-fb-feed-image\">\n        <a class=\"wpsr-feed-link\" target=\"_blank\" rel=\"nofollow\" href=\"https:\/\/www.facebook.com\/594692819112485\/posts\/1381340397114386\">\n                  <span class=\"wpsr-fb-media-placeholder-icon\">\n                            <i class=\"icon-picture-o\"><\/i>Photo                                      <\/span>\n                    <\/a>\n    \n    <\/div>\n                    <\/div>\n\n                                    <\/div>\n                \n                <div class=\"wpsr-fb-feed-playmode\" data-feed_type=\"timeline_feed\" data-index=\"4\" data-playmode=\"facebook\" data-template-id=\"6541\">\n                                <\/div>\n            <\/div>\n                <\/div>\n                <div class=\"wpsr-mb-30 wpsr-col-12 wpsr-col-sm-12 wpsr-col-xs-12\">            <div class=\"wpsr-fb-feed-item \">\n                                <div class=\"wpsr-fb-feed-inner\">\n                    <div class=\"wpsr-fb-feed-author\">\n    \n                <div class=\"wpsr-fb-feed-author-avatar\">\n            <a class=\"wpsr-fb-feed-author-avatar-url\" target=\"_blank\" href=\"https:\/\/www.facebook.com\/409213962451701\" rel=\"nofollow noopener\">\n                <img loading=\"lazy\" decoding=\"async\" class=\"wpsr-fb-feed-author-img\" src=\"https:\/\/scontent-waw2-2.xx.fbcdn.net\/v\/t39.30808-1\/462500750_9157260094313667_5549416792931241738_n.jpg?stp=cp0_dst-jpg_s50x50_tt6&#038;_nc_cat=103&#038;ccb=1-7&#038;_nc_sid=f907e8&#038;_nc_ohc=DrBl_ZKrX0MQ7kNvwGLIX1s&#038;_nc_oc=Adrmi5btsuJG1_0SXMiXPIVSZGcJ_4Yvh92723ua6X_6vRcbTXBJqL0r8TfRBaQCtGI&#038;_nc_zt=24&#038;_nc_ht=scontent-waw2-2.xx&#038;edm=AKIiGfEEAAAA&#038;_nc_gid=A_L_xdcgpZe4MFygEsEARA&#038;_nc_tpa=Q5bMBQEdJMQ0kVVuuhUxtg2hpj10owyNy3nrYOSssaXfCyvN8koDQXfIvUnaL5mkpxKoCvNh-Ug13wY1&#038;oh=00_Af3B-c5XpRK6etQxVdmOLsWb7lEJ5YjAsHZIv3ylSnnsUg&#038;oe=69EB8327\" alt=\"http:\/\/Avalon%20English%20School\" width=\"40\" height=\"40\">\n            <\/a>\n        <\/div>\n        \n        <div class=\"wpsr-fb-feed-author-info\">\n                        <a target=\"_blank\" rel=\"nofollow\" href=\"https:\/\/www.facebook.com\/409213962451701\" class=\"wpsr-fb-feed-author-name\">\n                <span class=\"wpsr-fb-feed-author-name-render\">Avalon English School\ufe0f<\/span>\n            <\/a>\n            \n            \n            <span class=\"wpsr-fb-feed-time\">\n  4 miesi\u0105ce temu<\/span>        <\/div>\n                <a target=\"_blank\" href=\"https:\/\/www.facebook.com\/594692819112485\/posts\/1380239593891133\" class=\"wpsr-fb-feed-platform\">\n            <i class=\"icon-facebook-square\"><\/i>\n        <\/a>\n            <\/div><p class=\"wpsr-fb-feed-content wpsr_add_read_more wpsr_show_less_content\" data-num-words-trim=\"15\">\n    <\/p>\n                    <div class=\"wpsr-fb-feed-content-wrapper wpsr-fb-feed-playmode\" data-feed_type=\"timeline_feed\" data-index=\"5\" data-playmode=\"facebook\" data-template-id=\"6541\">\n                        <div class=\"wpsr-fb-feed-image\">\n        <a class=\"wpsr-feed-link\" target=\"_blank\" rel=\"nofollow\" href=\"https:\/\/www.facebook.com\/594692819112485\/posts\/1380239593891133\">\n                  <span class=\"wpsr-fb-media-placeholder-icon\">\n                            <i class=\"icon-picture-o\"><\/i>Photo                                      <\/span>\n                    <\/a>\n    \n    <\/div>\n                    <\/div>\n\n                                    <\/div>\n                \n                <div class=\"wpsr-fb-feed-playmode\" data-feed_type=\"timeline_feed\" data-index=\"5\" data-playmode=\"facebook\" data-template-id=\"6541\">\n                                <\/div>\n            <\/div>\n                <\/div>\n                <\/div><div class=\"wpsr-fb-feed-footer wpsr-fb-feed-follow-button-group wpsr-row \"><div class=\"wpsr-fb-load-more wpsr_more wpsr-load-more-default\"\n        id=\"wpsr-fb-load-more-btn-6541\"\n        data-paginate=\"6\"\n        data-template_id=\"6541\"\n        data-template_type=\"timeline\"\n        data-platform=\"facebook_feed\"\n        data-page=\"1\"\n        data-total=\"9\">\n        Load More\n    <div class=\"wpsr-load-icon-wrapper\"><span><\/span><\/div>\n    <\/div><\/div><\/div><\/div><\/div>\n\n\n\n<pre class=\"wp-block-code\"><code>&#091;custom-facebook-feed feed=1]<\/code><\/pre>\n","protected":false},"excerpt":{"rendered":"","protected":false},"author":1,"featured_media":0,"parent":0,"menu_order":0,"comment_status":"closed","ping_status":"closed","template":"","meta":{"footnotes":""},"class_list":["post-6517","page","type-page","status-publish","hentry"],"yoast_head":"<!-- This site is optimized with the Yoast SEO plugin v19.10 - https:\/\/yoast.com\/wordpress\/plugins\/seo\/ -->\n<title>- AVALON ENGLISH SCHOOL<\/title>\n<meta name=\"robots\" content=\"index, follow, max-snippet:-1, max-image-preview:large, max-video-preview:-1\" \/>\n<link rel=\"canonical\" href=\"http:\/\/nowa.avalonenglish.com\/\" \/>\n<meta property=\"og:locale\" content=\"pl_PL\" \/>\n<meta property=\"og:type\" content=\"article\" \/>\n<meta property=\"og:title\" content=\"- AVALON ENGLISH SCHOOL\" \/>\n<meta property=\"og:url\" content=\"http:\/\/nowa.avalonenglish.com\/\" \/>\n<meta property=\"og:site_name\" content=\"AVALON ENGLISH SCHOOL\" \/>\n<meta property=\"article:modified_time\" content=\"2022-11-21T19:49:21+00:00\" \/>\n<meta name=\"twitter:card\" content=\"summary_large_image\" \/>\n<meta name=\"twitter:label1\" content=\"Szacowany czas czytania\" \/>\n\t<meta name=\"twitter:data1\" content=\"1 minuta\" \/>\n<script type=\"application\/ld+json\" class=\"yoast-schema-graph\">{\"@context\":\"https:\/\/schema.org\",\"@graph\":[{\"@type\":\"WebPage\",\"@id\":\"http:\/\/nowa.avalonenglish.com\/\",\"url\":\"http:\/\/nowa.avalonenglish.com\/\",\"name\":\"- AVALON ENGLISH SCHOOL\",\"isPartOf\":{\"@id\":\"http:\/\/nowa.avalonenglish.com\/#website\"},\"datePublished\":\"2022-09-08T12:31:37+00:00\",\"dateModified\":\"2022-11-21T19:49:21+00:00\",\"inLanguage\":\"pl-PL\",\"potentialAction\":[{\"@type\":\"ReadAction\",\"target\":[\"http:\/\/nowa.avalonenglish.com\/\"]}]},{\"@type\":\"WebSite\",\"@id\":\"http:\/\/nowa.avalonenglish.com\/#website\",\"url\":\"http:\/\/nowa.avalonenglish.com\/\",\"name\":\"AVALON ENGLISH SCHOOL\",\"description\":\"Szko\u0142a j\u0119zyk\u00f3w obcych\",\"potentialAction\":[{\"@type\":\"SearchAction\",\"target\":{\"@type\":\"EntryPoint\",\"urlTemplate\":\"http:\/\/nowa.avalonenglish.com\/?s={search_term_string}\"},\"query-input\":\"required name=search_term_string\"}],\"inLanguage\":\"pl-PL\"}]}<\/script>\n<!-- \/ Yoast SEO plugin. -->","yoast_head_json":{"title":"- AVALON ENGLISH SCHOOL","robots":{"index":"index","follow":"follow","max-snippet":"max-snippet:-1","max-image-preview":"max-image-preview:large","max-video-preview":"max-video-preview:-1"},"canonical":"http:\/\/nowa.avalonenglish.com\/","og_locale":"pl_PL","og_type":"article","og_title":"- AVALON ENGLISH SCHOOL","og_url":"http:\/\/nowa.avalonenglish.com\/","og_site_name":"AVALON ENGLISH SCHOOL","article_modified_time":"2022-11-21T19:49:21+00:00","twitter_card":"summary_large_image","twitter_misc":{"Szacowany czas czytania":"1 minuta"},"schema":{"@context":"https:\/\/schema.org","@graph":[{"@type":"WebPage","@id":"http:\/\/nowa.avalonenglish.com\/","url":"http:\/\/nowa.avalonenglish.com\/","name":"- AVALON ENGLISH SCHOOL","isPartOf":{"@id":"http:\/\/nowa.avalonenglish.com\/#website"},"datePublished":"2022-09-08T12:31:37+00:00","dateModified":"2022-11-21T19:49:21+00:00","inLanguage":"pl-PL","potentialAction":[{"@type":"ReadAction","target":["http:\/\/nowa.avalonenglish.com\/"]}]},{"@type":"WebSite","@id":"http:\/\/nowa.avalonenglish.com\/#website","url":"http:\/\/nowa.avalonenglish.com\/","name":"AVALON ENGLISH SCHOOL","description":"Szko\u0142a j\u0119zyk\u00f3w obcych","potentialAction":[{"@type":"SearchAction","target":{"@type":"EntryPoint","urlTemplate":"http:\/\/nowa.avalonenglish.com\/?s={search_term_string}"},"query-input":"required name=search_term_string"}],"inLanguage":"pl-PL"}]}},"_links":{"self":[{"href":"https:\/\/nowa.avalonenglish.com\/index.php\/wp-json\/wp\/v2\/pages\/6517","targetHints":{"allow":["GET"]}}],"collection":[{"href":"https:\/\/nowa.avalonenglish.com\/index.php\/wp-json\/wp\/v2\/pages"}],"about":[{"href":"https:\/\/nowa.avalonenglish.com\/index.php\/wp-json\/wp\/v2\/types\/page"}],"author":[{"embeddable":true,"href":"https:\/\/nowa.avalonenglish.com\/index.php\/wp-json\/wp\/v2\/users\/1"}],"replies":[{"embeddable":true,"href":"https:\/\/nowa.avalonenglish.com\/index.php\/wp-json\/wp\/v2\/comments?post=6517"}],"version-history":[{"count":9,"href":"https:\/\/nowa.avalonenglish.com\/index.php\/wp-json\/wp\/v2\/pages\/6517\/revisions"}],"predecessor-version":[{"id":6572,"href":"https:\/\/nowa.avalonenglish.com\/index.php\/wp-json\/wp\/v2\/pages\/6517\/revisions\/6572"}],"wp:attachment":[{"href":"https:\/\/nowa.avalonenglish.com\/index.php\/wp-json\/wp\/v2\/media?parent=6517"}],"curies":[{"name":"wp","href":"https:\/\/api.w.org\/{rel}","templated":true}]}}