{"id":6523,"date":"2022-09-08T14:39:53","date_gmt":"2022-09-08T12:39:53","guid":{"rendered":"http:\/\/nowa.avalonenglish.com\/?page_id=6523"},"modified":"2022-09-09T12:41:40","modified_gmt":"2022-09-09T10:41:40","slug":"biuro-tlumaczen","status":"publish","type":"page","link":"https:\/\/nowa.avalonenglish.com\/index.php\/biuro-tlumaczen\/","title":{"rendered":"Biuro t\u0142umacze\u0144"},"content":{"rendered":"<style type=\"text\/css\"><\/style>\n<div class=\"wp-block-themepunch-revslider revslider\" data-modal=\"false\" data-slidertitle=\"biuro tlumaczen start\" style=\"\">\n\t\t\t<!-- START biuro tlumaczen start REVOLUTION SLIDER 6.5.23 --><p class=\"rs-p-wp-fix\"><\/p>\n\t\t\t<rs-module-wrap id=\"rev_slider_2_1_wrapper\" data-source=\"gallery\" style=\"visibility:hidden;background:transparent;padding:0;margin:0px auto;margin-top:0;margin-bottom:0;\">\n\t\t\t\t<rs-module id=\"rev_slider_2_1\" style=\"\" data-version=\"6.5.23\">\n\t\t\t\t\t<rs-slides>\n\t\t\t\t\t\t<rs-slide style=\"position: absolute;\" data-key=\"rs-2\" data-title=\"Slide\" data-in=\"o:0;\" data-out=\"a:false;\">\n\t\t\t\t\t\t\t<img decoding=\"async\" src=\"\/\/nowa.avalonenglish.com\/wp-content\/plugins\/revslider\/public\/assets\/assets\/dummy.png\" alt=\"Slide\" title=\"Biuro t\u0142umacze\u0144\" class=\"rev-slidebg tp-rs-img rs-lazyload\" data-lazyload=\"\/\/nowa.avalonenglish.com\/wp-content\/plugins\/revslider\/public\/assets\/assets\/transparent.png\" data-no-retina>\n<!--\n\t\t\t\t\t\t\t--><rs-layer\n\t\t\t\t\t\t\t\tid=\"slider-2-slide-2-layer-0\" \n\t\t\t\t\t\t\t\tdata-type=\"image\"\n\t\t\t\t\t\t\t\tdata-rsp_ch=\"on\"\n\t\t\t\t\t\t\t\tdata-xy=\"x:-3px;y:-158px;\"\n\t\t\t\t\t\t\t\tdata-text=\"w:normal;\"\n\t\t\t\t\t\t\t\tdata-dim=\"w:1254px;h:836px;\"\n\t\t\t\t\t\t\t\tdata-frame_999=\"o:0;st:w;sR:8700;\"\n\t\t\t\t\t\t\t\tstyle=\"z-index:5;\"\n\t\t\t\t\t\t\t><img loading=\"lazy\" decoding=\"async\" src=\"\/\/nowa.avalonenglish.com\/wp-content\/plugins\/revslider\/public\/assets\/assets\/dummy.png\" alt=\"\" class=\"tp-rs-img rs-lazyload\" width=\"900\" height=\"600\" data-lazyload=\"\/\/nowa.avalonenglish.com\/wp-content\/uploads\/2022\/09\/biuro-tlumaczen-4-jpg-1529970877.jpeg\" data-no-retina> \n\t\t\t\t\t\t\t<\/rs-layer><!--\n-->\t\t\t\t\t\t<\/rs-slide>\n\t\t\t\t\t\t<rs-slide style=\"position: absolute;\" data-key=\"rs-3\" data-title=\"Slide\" data-in=\"o:0;\" data-out=\"a:false;\" data-mediafilter=\"rise\">\n\t\t\t\t\t\t\t<img decoding=\"async\" src=\"\/\/nowa.avalonenglish.com\/wp-content\/plugins\/revslider\/public\/assets\/assets\/dummy.png\" alt=\"Slide\" title=\"Biuro t\u0142umacze\u0144\" class=\"rev-slidebg tp-rs-img rs-lazyload\" data-lazyload=\"\/\/nowa.avalonenglish.com\/wp-content\/plugins\/revslider\/public\/assets\/assets\/transparent.png\" data-no-retina>\n<!--\n\t\t\t\t\t\t\t--><rs-layer\n\t\t\t\t\t\t\t\tid=\"slider-2-slide-3-layer-1\" \n\t\t\t\t\t\t\t\tdata-type=\"image\"\n\t\t\t\t\t\t\t\tdata-rsp_ch=\"on\"\n\t\t\t\t\t\t\t\tdata-xy=\"x:-10px;y:-293px;\"\n\t\t\t\t\t\t\t\tdata-text=\"w:normal;\"\n\t\t\t\t\t\t\t\tdata-dim=\"w:1259px;h:944px;\"\n\t\t\t\t\t\t\t\tdata-frame_999=\"o:0;st:w;sR:8700;\"\n\t\t\t\t\t\t\t\tstyle=\"z-index:5;\"\n\t\t\t\t\t\t\t><img loading=\"lazy\" decoding=\"async\" src=\"\/\/nowa.avalonenglish.com\/wp-content\/plugins\/revslider\/public\/assets\/assets\/dummy.png\" alt=\"\" class=\"tp-rs-img rs-lazyload\" width=\"1592\" height=\"1194\" data-lazyload=\"\/\/nowa.avalonenglish.com\/wp-content\/uploads\/2022\/09\/65770467_486650025477491_1742758954028498944_n.jpg\" data-no-retina> \n\t\t\t\t\t\t\t<\/rs-layer><!--\n-->\t\t\t\t\t\t<\/rs-slide>\n\t\t\t\t\t<\/rs-slides>\n\t\t\t\t<\/rs-module>\n\t\t\t\t<script>\n\t\t\t\t\tsetREVStartSize({c: 'rev_slider_2_1',rl:[1240,1024,778,480],el:[400],gw:[1240],gh:[400],type:'standard',justify:'',layout:'fullwidth',mh:\"0\"});if (window.RS_MODULES!==undefined && window.RS_MODULES.modules!==undefined && window.RS_MODULES.modules[\"revslider21\"]!==undefined) {window.RS_MODULES.modules[\"revslider21\"].once = false;window.revapi2 = undefined;if (window.RS_MODULES.checkMinimal!==undefined) window.RS_MODULES.checkMinimal()}\n\t\t\t\t<\/script>\n\t\t\t<\/rs-module-wrap>\n\t\t\t<!-- END REVOLUTION SLIDER -->\n<\/div>\n\n\n\n<p class=\"has-small-font-size\">Avalon English School oferuje kompleksow\u0105 obs\u0142ug\u0119 os\u00f3b prywatnych oraz firm w zakresie t\u0142umacze\u0144 pisemnych. Indywidualne podej\u015bcie do Klienta pozwala nam w pe\u0142ni sprosta\u0107 jego wymaganiom i u\u0142atwi\u0107 poruszanie si\u0119 w mi\u0119dzynarodowym \u015brodowisku biznesowym.<br>Wsp\u00f3\u0142pracujemy z gronem wysoko wykwalifikowanych t\u0142umaczy o wieloletnim do\u015bwiadczeniu i bogatym dorobku zawodowym. Dzi\u0119ki temu mo\u017cemy realizowa\u0107 nawet najtrudniejsze zlecenia zapewniaj\u0105c wysok\u0105 jako\u015b\u0107 t\u0142umaczenia.<\/p>\n\n\n\n<p>Naszym Klientom gwarantujemy pe\u0142n\u0105 dyskrecj\u0119. Wszelkie dokumenty traktowane s\u0105 jako poufne i ich zawarto\u015b\u0107 nie jest ujawniana osobom trzecim.<\/p>\n\n\n\n<p><strong><em>Pomagamy pokona\u0107 bariery j\u0119zykowe wsp\u00f3\u0142tworz\u0105c sukces naszych Klient\u00f3w na arenie mi\u0119dzynarodowej. Nasze Biuro T\u0142umacze\u0144 to godny zaufania partner!<\/em><\/strong><\/p>\n","protected":false},"excerpt":{"rendered":"<p>Avalon English School oferuje kompleksow\u0105 obs\u0142ug\u0119 os\u00f3b prywatnych oraz firm w zakresie t\u0142umacze\u0144 pisemnych. Indywidualne podej\u015bcie do Klienta pozwala nam&#8230;<\/p>\n","protected":false},"author":1,"featured_media":6524,"parent":0,"menu_order":0,"comment_status":"closed","ping_status":"closed","template":"","meta":{"footnotes":""},"class_list":["post-6523","page","type-page","status-publish","has-post-thumbnail","hentry"],"yoast_head":"<!-- This site is optimized with the Yoast SEO plugin v19.10 - https:\/\/yoast.com\/wordpress\/plugins\/seo\/ -->\n<title>Biuro t\u0142umacze\u0144 - AVALON ENGLISH SCHOOL<\/title>\n<meta name=\"robots\" content=\"index, follow, max-snippet:-1, max-image-preview:large, max-video-preview:-1\" \/>\n<link rel=\"canonical\" href=\"https:\/\/nowa.avalonenglish.com\/index.php\/biuro-tlumaczen\/\" \/>\n<meta property=\"og:locale\" content=\"pl_PL\" \/>\n<meta property=\"og:type\" content=\"article\" \/>\n<meta property=\"og:title\" content=\"Biuro t\u0142umacze\u0144 - AVALON ENGLISH SCHOOL\" \/>\n<meta property=\"og:description\" content=\"Avalon English School oferuje kompleksow\u0105 obs\u0142ug\u0119 os\u00f3b prywatnych oraz firm w zakresie t\u0142umacze\u0144 pisemnych. Indywidualne podej\u015bcie do Klienta pozwala nam...\" \/>\n<meta property=\"og:url\" content=\"https:\/\/nowa.avalonenglish.com\/index.php\/biuro-tlumaczen\/\" \/>\n<meta property=\"og:site_name\" content=\"AVALON ENGLISH SCHOOL\" \/>\n<meta property=\"article:modified_time\" content=\"2022-09-09T10:41:40+00:00\" \/>\n<meta name=\"twitter:card\" content=\"summary_large_image\" \/>\n<meta name=\"twitter:image\" content=\"https:\/\/nowa.avalonenglish.com\/wp-content\/uploads\/2022\/09\/untitled.bmp\" \/>\n<meta name=\"twitter:label1\" content=\"Szacowany czas czytania\" \/>\n\t<meta name=\"twitter:data1\" content=\"1 minuta\" \/>\n<script type=\"application\/ld+json\" class=\"yoast-schema-graph\">{\"@context\":\"https:\/\/schema.org\",\"@graph\":[{\"@type\":\"WebPage\",\"@id\":\"https:\/\/nowa.avalonenglish.com\/index.php\/biuro-tlumaczen\/\",\"url\":\"https:\/\/nowa.avalonenglish.com\/index.php\/biuro-tlumaczen\/\",\"name\":\"Biuro t\u0142umacze\u0144 - AVALON ENGLISH SCHOOL\",\"isPartOf\":{\"@id\":\"http:\/\/nowa.avalonenglish.com\/#website\"},\"datePublished\":\"2022-09-08T12:39:53+00:00\",\"dateModified\":\"2022-09-09T10:41:40+00:00\",\"breadcrumb\":{\"@id\":\"https:\/\/nowa.avalonenglish.com\/index.php\/biuro-tlumaczen\/#breadcrumb\"},\"inLanguage\":\"pl-PL\",\"potentialAction\":[{\"@type\":\"ReadAction\",\"target\":[\"https:\/\/nowa.avalonenglish.com\/index.php\/biuro-tlumaczen\/\"]}]},{\"@type\":\"BreadcrumbList\",\"@id\":\"https:\/\/nowa.avalonenglish.com\/index.php\/biuro-tlumaczen\/#breadcrumb\",\"itemListElement\":[{\"@type\":\"ListItem\",\"position\":1,\"name\":\"Home\",\"item\":\"http:\/\/nowa.avalonenglish.com\/\"},{\"@type\":\"ListItem\",\"position\":2,\"name\":\"Biuro t\u0142umacze\u0144\"}]},{\"@type\":\"WebSite\",\"@id\":\"http:\/\/nowa.avalonenglish.com\/#website\",\"url\":\"http:\/\/nowa.avalonenglish.com\/\",\"name\":\"AVALON ENGLISH SCHOOL\",\"description\":\"Szko\u0142a j\u0119zyk\u00f3w obcych\",\"potentialAction\":[{\"@type\":\"SearchAction\",\"target\":{\"@type\":\"EntryPoint\",\"urlTemplate\":\"http:\/\/nowa.avalonenglish.com\/?s={search_term_string}\"},\"query-input\":\"required name=search_term_string\"}],\"inLanguage\":\"pl-PL\"}]}<\/script>\n<!-- \/ Yoast SEO plugin. -->","yoast_head_json":{"title":"Biuro t\u0142umacze\u0144 - AVALON ENGLISH SCHOOL","robots":{"index":"index","follow":"follow","max-snippet":"max-snippet:-1","max-image-preview":"max-image-preview:large","max-video-preview":"max-video-preview:-1"},"canonical":"https:\/\/nowa.avalonenglish.com\/index.php\/biuro-tlumaczen\/","og_locale":"pl_PL","og_type":"article","og_title":"Biuro t\u0142umacze\u0144 - AVALON ENGLISH SCHOOL","og_description":"Avalon English School oferuje kompleksow\u0105 obs\u0142ug\u0119 os\u00f3b prywatnych oraz firm w zakresie t\u0142umacze\u0144 pisemnych. Indywidualne podej\u015bcie do Klienta pozwala nam...","og_url":"https:\/\/nowa.avalonenglish.com\/index.php\/biuro-tlumaczen\/","og_site_name":"AVALON ENGLISH SCHOOL","article_modified_time":"2022-09-09T10:41:40+00:00","twitter_card":"summary_large_image","twitter_image":"https:\/\/nowa.avalonenglish.com\/wp-content\/uploads\/2022\/09\/untitled.bmp","twitter_misc":{"Szacowany czas czytania":"1 minuta"},"schema":{"@context":"https:\/\/schema.org","@graph":[{"@type":"WebPage","@id":"https:\/\/nowa.avalonenglish.com\/index.php\/biuro-tlumaczen\/","url":"https:\/\/nowa.avalonenglish.com\/index.php\/biuro-tlumaczen\/","name":"Biuro t\u0142umacze\u0144 - AVALON ENGLISH SCHOOL","isPartOf":{"@id":"http:\/\/nowa.avalonenglish.com\/#website"},"datePublished":"2022-09-08T12:39:53+00:00","dateModified":"2022-09-09T10:41:40+00:00","breadcrumb":{"@id":"https:\/\/nowa.avalonenglish.com\/index.php\/biuro-tlumaczen\/#breadcrumb"},"inLanguage":"pl-PL","potentialAction":[{"@type":"ReadAction","target":["https:\/\/nowa.avalonenglish.com\/index.php\/biuro-tlumaczen\/"]}]},{"@type":"BreadcrumbList","@id":"https:\/\/nowa.avalonenglish.com\/index.php\/biuro-tlumaczen\/#breadcrumb","itemListElement":[{"@type":"ListItem","position":1,"name":"Home","item":"http:\/\/nowa.avalonenglish.com\/"},{"@type":"ListItem","position":2,"name":"Biuro t\u0142umacze\u0144"}]},{"@type":"WebSite","@id":"http:\/\/nowa.avalonenglish.com\/#website","url":"http:\/\/nowa.avalonenglish.com\/","name":"AVALON ENGLISH SCHOOL","description":"Szko\u0142a j\u0119zyk\u00f3w obcych","potentialAction":[{"@type":"SearchAction","target":{"@type":"EntryPoint","urlTemplate":"http:\/\/nowa.avalonenglish.com\/?s={search_term_string}"},"query-input":"required name=search_term_string"}],"inLanguage":"pl-PL"}]}},"_links":{"self":[{"href":"https:\/\/nowa.avalonenglish.com\/index.php\/wp-json\/wp\/v2\/pages\/6523","targetHints":{"allow":["GET"]}}],"collection":[{"href":"https:\/\/nowa.avalonenglish.com\/index.php\/wp-json\/wp\/v2\/pages"}],"about":[{"href":"https:\/\/nowa.avalonenglish.com\/index.php\/wp-json\/wp\/v2\/types\/page"}],"author":[{"embeddable":true,"href":"https:\/\/nowa.avalonenglish.com\/index.php\/wp-json\/wp\/v2\/users\/1"}],"replies":[{"embeddable":true,"href":"https:\/\/nowa.avalonenglish.com\/index.php\/wp-json\/wp\/v2\/comments?post=6523"}],"version-history":[{"count":3,"href":"https:\/\/nowa.avalonenglish.com\/index.php\/wp-json\/wp\/v2\/pages\/6523\/revisions"}],"predecessor-version":[{"id":6539,"href":"https:\/\/nowa.avalonenglish.com\/index.php\/wp-json\/wp\/v2\/pages\/6523\/revisions\/6539"}],"wp:featuredmedia":[{"embeddable":true,"href":"https:\/\/nowa.avalonenglish.com\/index.php\/wp-json\/wp\/v2\/media\/6524"}],"wp:attachment":[{"href":"https:\/\/nowa.avalonenglish.com\/index.php\/wp-json\/wp\/v2\/media?parent=6523"}],"curies":[{"name":"wp","href":"https:\/\/api.w.org\/{rel}","templated":true}]}}